greatest common divisor of o and i.
25
Suppose 4*n - 32 = 4*t, 4*t - t = -4*n + 25. Suppose g - c + n - 291 = 0, g + 3*c = 268. Calculate the highest common divisor of g and 28.
28
Let q(c) = 8*c**2 - 48*c - 14. Let n be q(7). Let x = -14 - -20. Calculate the highest common divisor of x and n.
6
Let x(n) = n**3 - 2*n**2 + 3*n + 5. Let l be x(5). Suppose -4*q + 33 = -l. Calculate the highest common divisor of q and 128.
32
Let x be 116 - 2 - (-2 - 1). Let r be 10673/x + (-4)/18. Suppose -168 = -2*o - 2*h, 253 = 2*o - h + r. Calculate the highest common divisor of 123 and o.
41
Suppose 13*o - 42 = 6*o. What is the highest common divisor of 5 and o?
1
Let q = 209 - 146. What is the greatest common factor of 27 and q?
9
Let d be 1/2*(484 - -4). Let o = -159 + d. What is the greatest common factor of o and 17?
17
Suppose -3*z = 4*d - 42, z - 4*d - 21 = -3*d. Suppose 25 - 70 = -g. Calculate the greatest common divisor of z and g.
9
Let g(v) be the second derivative of -v**3/6 + 13*v**2/2 + 9*v. Let a be g(7). Let f be 16/(2 - 1) - 1. Calculate the greatest common divisor of f and a.
3
Suppose -2*n + 37 = -39. Let d = -34 + n. Let j be (-136)/(-5) + d/(-20). What is the highest common divisor of 297 and j?
27
Let k be 30*(4 - 85/25). Suppose z - 3*z - 6 = 0, 3*a + 4*z - 15 = 0. Calculate the greatest common divisor of a and k.
9
Suppose -13*s + 116 = 12. Calculate the greatest common divisor of 488 and s.
8
Suppose 247 = -11*m + 24*m. Let w(d) = 4*d**2 + 3*d. Let s be w(4). Calculate the highest common factor of s and m.
19
Suppose -j - 4 + 62 = -4*s, -134 = -3*j + 4*s. Suppose 3*q = 62 + 7. Let y = j - q. What is the greatest common divisor of y and 6?
3
Suppose 15 = 2*j - j - 3*r, 4 = -r. Calculate the highest common divisor of 129 and j.
3
Let m be (2 - 1)/(-1) + 3. Let f = m + -28. Let k be (3 + (-14)/4)*f. What is the highest common divisor of k and 65?
13
Suppose 12*a + 13888 = 13*a. Let t be (-1)/9 + a/252. What is the highest common divisor of 5 and t?
5
Let o be 3 - 5 - -6 - 8*-2. Let c = 42 + -21. Let p = c - o. What is the greatest common divisor of p and 4?
1
Suppose -3*l + w = -w - 346, 0 = -4*l - 2*w + 466. What is the greatest common factor of 261 and l?
29
Let s be (89/(-178))/((-1)/54). Let x be 10/6*(1 - -2). Suppose q - 194 = -x*c, 2*q + 3*q + 4*c - 949 = 0. What is the greatest common divisor of q and s?
27
Let s be (-605)/22 + (-1)/(-2). Let x be (1 - (1 + s))/(192/128). What is the greatest common factor of x and 54?
18
Suppose -36*g + 144*g - 3240 = 0. What is the greatest common factor of 78 and g?
6
Suppose -4*m = -5*o + 228, 3*o - m + 4 = 138. Let k be 91/28 - 7/(28/(-3)). What is the greatest common divisor of o and k?
4
Suppose 4*d + 3*s - 68 = 58, -3*d = s - 92. Suppose -5*q = -4*f - 91, 6*f - 59 = -5*q + 2*f. What is the highest common factor of q and d?
15
Suppose 3*d + k = 1563 + 1199, -2*d + 1832 = -4*k. What is the greatest common factor of d and 10?
10
Let i be 16 + -1 + (0 - 1). Let w = 444 + -442. What is the greatest common divisor of w and i?
2
Suppose 2*c - 3*w - 8 = 3*c, 3*w + 6 = 0. Let u = c - -5. Let p be u + -3*(-9 + -3). Calculate the highest common factor of p and 26.
13
Let f(o) = -o**3 + 18*o**2 + 11*o - 46. Let n be f(18). Calculate the greatest common factor of 16 and n.
8
Suppose -216*v = -221*v + 525. Calculate the highest common divisor of v and 21.
21
Let a(u) = -u**3 - u**2 - 6*u**2 + 122*u + 14 - 59*u - 64*u. Let f be a(-7). Calculate the greatest common factor of 7 and f.
7
Let l be (1/1)/2*4. Let m(v) = v + 1. Let j(t) = 2*t + 3. Let z(r) = l*j(r) - 5*m(r). Let c be z(-7). What is the greatest common divisor of c and 4?
4
Let f = -5 + 15. Let t(u) = -51*u**3 - 1. Let g be t(-1). What is the greatest common divisor of f and g?
10
Suppose 0 = -z - 5*l - 5, -2*l - l = 3*z - 33. Let g(d) = d**2 + 3*d. Suppose -4*m - 25 = m. Let w be g(m). Calculate the highest common divisor of w and z.
5
Suppose -33*z - 36*z + 2394 = 64*z. Let t = 544 - 146. Suppose 0 = -2*k + 2*o + 3*o + 277, 4*o = 3*k - t. Calculate the greatest common factor of k and z.
18
Suppose -5*y = 2*z - 8000, -y - 4*z + 1600 = -5*z. Suppose -4*k = 6*k - y. Calculate the greatest common divisor of k and 20.
20
Let s(y) = y**2 + 6*y - 211. Let j be s(12). Calculate the greatest common factor of j and 80.
5
Suppose 30 = -5*j - 0*j. Let k = -6 + j. Let i be (-66)/k*4*1. Calculate the highest common factor of 22 and i.
22
Let s(v) = -v**2 + 13*v + 8. Let r be s(14). Let h be (39 + 0)*(-6)/r. Let q be h + -1 + (-4)/1. What is the greatest common divisor of 17 and q?
17
Suppose 4*n + 3*u - 21 = 6, 3*u = -n. Suppose -63 + 252 = 3*s. Calculate the highest common factor of s and n.
9
Let b(h) = -h**3 - 2*h**2 - 6*h - 7. Let f be b(-3). Suppose f*o - 18*o - 112 = 0. What is the greatest common divisor of 16 and o?
8
Suppose -3 = -2*u - 13, 4*v = -2*u - 54. Let d = v + 15. Suppose -d*m + 78 - 22 = 0. What is the greatest common factor of 70 and m?
14
Suppose 4*b + 22 - 86 = 0. Suppose -4*k = -b*k + 1728. What is the greatest common factor of k and 18?
18
Suppose -45*k + 50*k = 735. Calculate the greatest common divisor of k and 42.
21
Suppose -4*t - t = -40. Let w be -2 + ((-60)/(-3) - -2). Let o = 40 - w. What is the highest common divisor of o and t?
4
Let r be ((-54)/63)/(-1*8/168). Suppose -4*v - 4 = 8, 2*z + 64 = 4*v. Let f = z - -200. What is the highest common divisor of r and f?
18
Suppose -165*n + 28 = -163*n. Suppose 0 = -n*z + 57 + 55. What is the greatest common divisor of z and 1?
1
Let w = -23 + 28. Suppose -i = 2*q - 58, -w*i + 3*q = -i - 177. Let x be 3 - 2 - (-2 - 13). Calculate the greatest common factor of i and x.
16
Let j(c) = 38*c**3 + 16*c**2 - 12*c - 4. Let r be j(3). Calculate the greatest common divisor of 10 and r.
10
Let q = 85 - 26. Suppose -3*m = -q - 10. What is the greatest common divisor of 161 and m?
23
Suppose 0 = 3*n - 6, -4*x + 7*x = n + 16. Let g = 20 + x. What is the greatest common factor of g and 52?
26
Suppose 3*o = r - 181, 69*r - 206 = 68*r - 2*o. Calculate the greatest common divisor of r and 7.
7
Let t = 101 - 91. Suppose -2 = -2*o - 3*d - d, 0 = 4*o + 2*d - t. Let w be 5/2 + 3/(-6). Calculate the greatest common factor of w and o.
1
Suppose 20 + 750 = 7*w. What is the highest common factor of 10 and w?
10
Suppose 5*k = -2*j + 345, -4*k = j + 4*j - 820. What is the highest common divisor of 70 and j?
10
Let k(j) = 10 - 1 - 4 + 5 - 5*j. Let a be k(-9). Calculate the greatest common factor of 22 and a.
11
Let f = 747 - 732. Let r(i) = i**3 - 4*i**2 + 8*i. Let p be r(6). Calculate the greatest common factor of p and f.
15
Let o be (1/(-3))/((-5)/75). Suppose 0 = -o*j - 0*j. Suppose j*f + 3*f - 357 = 0. Calculate the highest common divisor of 17 and f.
17
Suppose 0 = 2*h + 412 - 466. What is the greatest common divisor of h and 1?
1
Let o = 277 - 254. Let u(s) = s**3 - 6*s**2 + 8*s - 2. Let v be u(6). What is the greatest common divisor of o and v?
23
Let f(b) = b**2 - 6*b - 36. Let c(x) = -x - 1. Let r(i) = -3*c(i) + f(i). Let g be r(14). Calculate the greatest common factor of g and 11.
11
Let n = 2 + -4. Let g be 2/(-2)*(-1 - n). Let x be 4*(-15)/(-2 + g). Calculate the highest common factor of x and 4.
4
Let z be 0 - -4 - -30*1. Suppose 188 = 4*x - 7*b + 3*b, 3*x - 145 = 2*b. What is the highest common factor of z and x?
17
Let d be (9/6)/(6/(-40)). Let m be (16/d)/(3/(-75)). Suppose -2*b - 7*w + m = -2*w, 0 = -3*w + 6. Calculate the highest common factor of 15 and b.
15
Suppose -2*j - 18 = 2*q, -3*j + 5*q - 35 = -0*q. Let l be 12/8 + j/(-4). What is the greatest common factor of l and 8?
4
Let d = -35 - -40. Suppose 20 = 7*n - d*n. Suppose 3*r - x - 74 = -2*r, -3*r - 2*x = -47. Calculate the greatest common factor of n and r.
5
Let r be 0/(1/(-1)) + 51/17. Suppose -q + 0*q = -r*n + 439, n - q = 145. Calculate the highest common divisor of n and 21.
21
Let k = -100 + 31. Let p = 79 + k. What is the highest common divisor of p and 4?
2
Suppose 0 = 45*r - 119*r + 8140. Calculate the highest common divisor of 80 and r.
10
Let k = 3 + 2. Suppose -3*o + k*o = 44. Suppose 0 = -3*b + o + 11. Calculate the highest common factor of b and 88.
11
Let p be (((-64)/6)/(-4))/(17/(-51)). Let i be p/(-20) + (-129